{"id":137,"date":"2026-03-02T14:52:46","date_gmt":"2026-03-02T14:52:46","guid":{"rendered":"https:\/\/bnbpourdeux.com\/?page_id=137"},"modified":"2026-03-23T14:36:12","modified_gmt":"2026-03-23T14:36:12","slug":"presentation","status":"publish","type":"page","link":"https:\/\/bnbpourdeux.com\/index.php\/presentation\/","title":{"rendered":"Pr\u00e9sentation"},"content":{"rendered":"<p>[et_pb_section fb_built=\u00a0\u00bb1&Prime; _builder_version=\u00a0\u00bb4.27.5&Prime; _module_preset=\u00a0\u00bbdefault\u00a0\u00bb global_colors_info=\u00a0\u00bb{}\u00a0\u00bb][et_pb_row _builder_version=\u00a0\u00bb4.27.5&Prime; _module_preset=\u00a0\u00bbdefault\u00a0\u00bb global_colors_info=\u00a0\u00bb{}\u00a0\u00bb][et_pb_column type=\u00a0\u00bb4_4&Prime; _builder_version=\u00a0\u00bb4.27.5&Prime; _module_preset=\u00a0\u00bbdefault\u00a0\u00bb global_colors_info=\u00a0\u00bb{}\u00a0\u00bb][et_pb_text _builder_version=\u00a0\u00bb4.27.5&Prime; _module_preset=\u00a0\u00bbdefault\u00a0\u00bb global_colors_info=\u00a0\u00bb{}\u00a0\u00bb]<\/p>\n<h1><span style=\"font-size: xx-large;\"><strong>Bienvenue sur Bnbpourdeux<\/strong><\/span><\/h1>\n<p>[\/et_pb_text][\/et_pb_column][\/et_pb_row][et_pb_row _builder_version=\u00a0\u00bb4.27.5&Prime; _module_preset=\u00a0\u00bbdefault\u00a0\u00bb custom_padding=\u00a0\u00bb0px|||||\u00a0\u00bb][et_pb_column _builder_version=\u00a0\u00bb4.27.5&Prime; _module_preset=\u00a0\u00bbdefault\u00a0\u00bb type=\u00a0\u00bb4_4&Prime;][et_pb_text _builder_version=\u00a0\u00bb4.27.5&Prime; _module_preset=\u00a0\u00bbdefault\u00a0\u00bb hover_enabled=\u00a0\u00bb0&Prime; sticky_enabled=\u00a0\u00bb0&Prime;]<\/p>\n<h3 data-path-to-node=\"7\">Voyager l\u00e9ger, l&rsquo;esprit libre<\/h3>\n<p data-path-to-node=\"8\">L&rsquo;une des missions de bnbpourdeux est de vous prouver que l&rsquo;on peut voyager avec \u00e9l\u00e9gance sans s&rsquo;encombrer. Un d\u00e9part r\u00e9ussi commence par une valise optimis\u00e9e. Nous vous aidons \u00e0 s\u00e9lectionner les essentiels : des tenues polyvalentes qui passent de la plage au d\u00eener chic, les accessoires indispensables pour parer aux impr\u00e9vus climatiques, et les astuces pour ne rien oublier tout en restant mobiles. Voyager l\u00e9ger, c&rsquo;est s&rsquo;offrir la libert\u00e9 de changer d&rsquo;avis, de prendre un train de derni\u00e8re minute pour une ville voisine ou de marcher plus longtemps dans les ruelles d&rsquo;un village m\u00e9di\u00e9val sans \u00eatre frein\u00e9 par ses bagages.<\/p>\n<p>[\/et_pb_text][\/et_pb_column][\/et_pb_row][et_pb_row _builder_version=\u00a0\u00bb4.27.5&Prime; _module_preset=\u00a0\u00bbdefault\u00a0\u00bb global_colors_info=\u00a0\u00bb{}\u00a0\u00bb][et_pb_column type=\u00a0\u00bb4_4&Prime; _builder_version=\u00a0\u00bb4.27.5&Prime; _module_preset=\u00a0\u00bbdefault\u00a0\u00bb global_colors_info=\u00a0\u00bb{}\u00a0\u00bb][et_pb_text _builder_version=\u00a0\u00bb4.27.5&Prime; _module_preset=\u00a0\u00bbdefault\u00a0\u00bb hover_enabled=\u00a0\u00bb0&Prime; global_colors_info=\u00a0\u00bb{}\u00a0\u00bb sticky_enabled=\u00a0\u00bb0&Prime;]<\/p>\n<p data-path-to-node=\"4\">Parce que les plus beaux souvenirs sont ceux que l&rsquo;on construit ensemble, nous avons cr\u00e9\u00e9 bnbpourdeux : le blog d\u00e9di\u00e9 aux couples en qu\u00eate d&rsquo;\u00e9vasion et de complicit\u00e9.<\/p>\n<p data-path-to-node=\"4\">\n<p data-path-to-node=\"4\">\n<p data-path-to-node=\"5\">Nous croyons que le voyage \u00e0 deux est un art, celui de savoir d\u00e9nicher le petit cocon parfait \u2014 que ce soit un B&amp;B de charme cach\u00e9 dans les ruelles de Lisbonne ou une adresse secr\u00e8te face aux collines de Toscane. \u00c0 travers nos r\u00e9cits et nos guides, nous partageons avec vous nos coups de c\u0153ur, nos conseils pour voyager l\u00e9ger sans sacrifier le style, et surtout, ces adresses pr\u00e9cieuses o\u00f9 l&rsquo;accueil et l&rsquo;intimit\u00e9 sont les priorit\u00e9s.<\/p>\n<p data-path-to-node=\"6\">Que vous pr\u00e9pariez votre premi\u00e8re escapade ou votre dixi\u00e8me lune de miel, bnbpourdeux est votre boussole pour transformer chaque s\u00e9jour en une parenth\u00e8se enchant\u00e9e. Posez vos valises, et laissez-vous inspirer.<\/p>\n<p>[\/et_pb_text][\/et_pb_column][\/et_pb_row][\/et_pb_section][et_pb_section fb_built=\u00a0\u00bb1&Prime; _builder_version=\u00a0\u00bb4.27.5&Prime; min_height=\u00a0\u00bb735.4px\u00a0\u00bb custom_margin=\u00a0\u00bb-137px|||||\u00a0\u00bb global_colors_info=\u00a0\u00bb{}\u00a0\u00bb][et_pb_row _builder_version=\u00a0\u00bb4.16&Prime; background_size=\u00a0\u00bbinitial\u00a0\u00bb background_position=\u00a0\u00bbtop_left\u00a0\u00bb background_repeat=\u00a0\u00bbrepeat\u00a0\u00bb global_colors_info=\u00a0\u00bb{}\u00a0\u00bb][et_pb_column type=\u00a0\u00bb4_4&Prime; _builder_version=\u00a0\u00bb4.16&Prime; custom_padding=\u00a0\u00bb|||\u00a0\u00bb global_colors_info=\u00a0\u00bb{}\u00a0\u00bb custom_padding__hover=\u00a0\u00bb|||\u00a0\u00bb][et_pb_text _builder_version=\u00a0\u00bb4.16&Prime; background_size=\u00a0\u00bbinitial\u00a0\u00bb background_position=\u00a0\u00bbtop_left\u00a0\u00bb background_repeat=\u00a0\u00bbrepeat\u00a0\u00bb global_colors_info=\u00a0\u00bb{}\u00a0\u00bb]<!-- divi:paragraph --><!-- \/divi:paragraph --><!-- divi:heading {\"level\":3} --><\/p>\n<h3 class=\"wp-block-heading\">Notre Philosophie : L&rsquo;authenticit\u00e9 avant tout\u00a0<\/h3>\n<p><!-- \/divi:heading --><\/p>\n<p>&nbsp;<\/p>\n<p><!-- divi:paragraph --><\/p>\n<p>Nous croyons que le luxe ne r\u00e9side pas seulement dans le nombre d&rsquo;\u00e9toiles d&rsquo;un h\u00f4tel, mais dans l&rsquo;\u00e9motion d&rsquo;un coucher de soleil partag\u00e9 ou la d\u00e9couverte d&rsquo;une crique d\u00e9serte. C&rsquo;est pourquoi nous s\u00e9lectionnons rigoureusement des adresses de charme, des itin\u00e9raires test\u00e9s et des conseils pratiques \u2014 de la r\u00e9servation de vos <strong>billets d&rsquo;avion<\/strong> \u00e0 la composition de votre valise \u2014 pour que vous n&rsquo;ayez qu&rsquo;une seule pr\u00e9occupation : profiter l&rsquo;un de l&rsquo;autre.<\/p>\n<p>&nbsp;<\/p>\n<p><!-- divi:heading {\"level\":3} --><\/p>\n<h3 class=\"wp-block-heading\">Pourquoi nous faire confiance ?<\/h3>\n<p><!-- \/divi:heading --><\/p>\n<p>&nbsp;<\/p>\n<p><!-- divi:list --><\/p>\n<ul class=\"wp-block-list\"><!-- divi:list-item --><\/p>\n<li><strong>Expertise locale :<\/strong> Des guides pr\u00e9cis sur les plus belles r\u00e9gions de Gr\u00e8ce et d&rsquo;Italie.<\/li>\n<p><!-- \/divi:list-item --> <!-- divi:list-item --><\/p>\n<li><strong>Conseils sur-mesure :<\/strong> Des astuces concr\u00e8tes pour optimiser votre budget et votre temps.<\/li>\n<p><!-- \/divi:list-item --> <!-- divi:list-item --><\/p>\n<li><strong>Passion du voyage :<\/strong> Une approche humaine et inspirante pour chaque s\u00e9jour.<\/li>\n<p><!-- \/divi:list-item --><\/ul>\n<p>&nbsp;<\/p>\n<p><!-- \/divi:list --><\/p>\n<p>\u00a0Laissez-vous inspirer, bouclez vos bagages et pr\u00e9parez-vous \u00e0 vivre l&rsquo;inoubliable. Votre prochaine odyss\u00e9e romantique commence ici.<\/p>\n<p><!-- divi:paragraph --><\/p>\n<p>&nbsp;<\/p>\n<p><!-- \/divi:paragraph -->[\/et_pb_text][\/et_pb_column][\/et_pb_row][\/et_pb_section]<\/p>\n","protected":false},"excerpt":{"rendered":"<p>Bienvenue sur BnbpourdeuxVoyager l\u00e9ger, l&rsquo;esprit libre L&rsquo;une des missions de bnbpourdeux est de vous prouver que l&rsquo;on peut voyager avec \u00e9l\u00e9gance sans s&rsquo;encombrer. Un d\u00e9part r\u00e9ussi commence par une valise optimis\u00e9e. Nous vous aidons \u00e0 s\u00e9lectionner les essentiels : des tenues polyvalentes qui passent de la plage au d\u00eener chic, les accessoires indispensables pour parer [&hellip;]<\/p>\n","protected":false},"author":1,"featured_media":0,"parent":0,"menu_order":0,"comment_status":"closed","ping_status":"closed","template":"","meta":{"_et_pb_use_builder":"on","_et_pb_old_content":"<!-- wp:paragraph -->\n<p>Parce qu\u2019un <strong>voyage en amoureux<\/strong> est bien plus qu\u2019une simple parenth\u00e8se dans le calendrier, nous avons con\u00e7u cet espace pour transformer vos envies d'\u00e9vasion en moments d'exception. Que vous soyez en qu\u00eate d'une lune de miel spectaculaire \u00e0 <strong>Santorin<\/strong>, d'une aventure sauvage sur les sentiers de <strong>Cr\u00e8te<\/strong> ou d'une retraite confidentielle \u00e0 <strong>Milos<\/strong>, notre mission est de vous guider vers la destination qui fera vibrer votre complicit\u00e9.<\/p>\n<!-- \/wp:paragraph -->\n\n<!-- wp:heading {\"level\":3} -->\n<h3 class=\"wp-block-heading\">Notre Philosophie : L'authenticit\u00e9 avant tout<\/h3>\n<!-- \/wp:heading -->\n\n<!-- wp:paragraph -->\n<p>Nous croyons que le luxe ne r\u00e9side pas seulement dans le nombre d'\u00e9toiles d'un h\u00f4tel, mais dans l'\u00e9motion d'un coucher de soleil partag\u00e9 ou la d\u00e9couverte d'une crique d\u00e9serte. C'est pourquoi nous s\u00e9lectionnons rigoureusement des adresses de charme, des itin\u00e9raires test\u00e9s et des conseils pratiques \u2014 de la r\u00e9servation de vos <strong>billets d'avion<\/strong> \u00e0 la composition de votre valise \u2014 pour que vous n'ayez qu'une seule pr\u00e9occupation : profiter l'un de l'autre.<\/p>\n<!-- \/wp:paragraph -->\n\n<!-- wp:heading {\"level\":3} -->\n<h3 class=\"wp-block-heading\">Pourquoi nous faire confiance ?<\/h3>\n<!-- \/wp:heading -->\n\n<!-- wp:list -->\n<ul class=\"wp-block-list\"><!-- wp:list-item -->\n<li><strong>Expertise locale :<\/strong> Des guides pr\u00e9cis sur les plus belles r\u00e9gions de Gr\u00e8ce et d'Italie.<\/li>\n<!-- \/wp:list-item -->\n\n<!-- wp:list-item -->\n<li><strong>Conseils sur-mesure :<\/strong> Des astuces concr\u00e8tes pour optimiser votre budget et votre temps.<\/li>\n<!-- \/wp:list-item -->\n\n<!-- wp:list-item -->\n<li><strong>Passion du voyage :<\/strong> Une approche humaine et inspirante pour chaque s\u00e9jour.<\/li>\n<!-- \/wp:list-item --><\/ul>\n<!-- \/wp:list -->\n\n<!-- wp:paragraph -->\n<p>Laissez-vous inspirer, bouclez vos bagages et pr\u00e9parez-vous \u00e0 vivre l'inoubliable. Votre prochaine odyss\u00e9e romantique commence ici.<\/p>\n<!-- \/wp:paragraph -->","_et_gb_content_width":"","footnotes":""},"class_list":["post-137","page","type-page","status-publish","hentry"],"yoast_head":"<!-- This site is optimized with the Yoast SEO plugin v26.9 - https:\/\/yoast.com\/product\/yoast-seo-wordpress\/ -->\n<title>Pr\u00e9sentation - bnb pour deux<\/title>\n<meta name=\"robots\" content=\"index, follow, max-snippet:-1, max-image-preview:large, max-video-preview:-1\" \/>\n<link rel=\"canonical\" href=\"https:\/\/bnbpourdeux.com\/index.php\/presentation\/\" \/>\n<meta property=\"og:locale\" content=\"fr_FR\" \/>\n<meta property=\"og:type\" content=\"article\" \/>\n<meta property=\"og:title\" content=\"Pr\u00e9sentation - bnb pour deux\" \/>\n<meta property=\"og:description\" content=\"Bienvenue sur BnbpourdeuxVoyager l\u00e9ger, l&#039;esprit libre L&#039;une des missions de bnbpourdeux est de vous prouver que l&#039;on peut voyager avec \u00e9l\u00e9gance sans s&#039;encombrer. Un d\u00e9part r\u00e9ussi commence par une valise optimis\u00e9e. Nous vous aidons \u00e0 s\u00e9lectionner les essentiels : des tenues polyvalentes qui passent de la plage au d\u00eener chic, les accessoires indispensables pour parer [&hellip;]\" \/>\n<meta property=\"og:url\" content=\"https:\/\/bnbpourdeux.com\/index.php\/presentation\/\" \/>\n<meta property=\"og:site_name\" content=\"bnb pour deux\" \/>\n<meta property=\"article:modified_time\" content=\"2026-03-23T14:36:12+00:00\" \/>\n<meta name=\"twitter:card\" content=\"summary_large_image\" \/>\n<script type=\"application\/ld+json\" class=\"yoast-schema-graph\">{\"@context\":\"https:\/\/schema.org\",\"@graph\":[{\"@type\":\"WebPage\",\"@id\":\"https:\/\/bnbpourdeux.com\/index.php\/presentation\/\",\"url\":\"https:\/\/bnbpourdeux.com\/index.php\/presentation\/\",\"name\":\"Pr\u00e9sentation - bnb pour deux\",\"isPartOf\":{\"@id\":\"https:\/\/bnbpourdeux.com\/#website\"},\"datePublished\":\"2026-03-02T14:52:46+00:00\",\"dateModified\":\"2026-03-23T14:36:12+00:00\",\"breadcrumb\":{\"@id\":\"https:\/\/bnbpourdeux.com\/index.php\/presentation\/#breadcrumb\"},\"inLanguage\":\"fr-FR\",\"potentialAction\":[{\"@type\":\"ReadAction\",\"target\":[\"https:\/\/bnbpourdeux.com\/index.php\/presentation\/\"]}]},{\"@type\":\"BreadcrumbList\",\"@id\":\"https:\/\/bnbpourdeux.com\/index.php\/presentation\/#breadcrumb\",\"itemListElement\":[{\"@type\":\"ListItem\",\"position\":1,\"name\":\"Accueil\",\"item\":\"https:\/\/bnbpourdeux.com\/\"},{\"@type\":\"ListItem\",\"position\":2,\"name\":\"Pr\u00e9sentation\"}]},{\"@type\":\"WebSite\",\"@id\":\"https:\/\/bnbpourdeux.com\/#website\",\"url\":\"https:\/\/bnbpourdeux.com\/\",\"name\":\"bnb pour deux\",\"description\":\"\",\"potentialAction\":[{\"@type\":\"SearchAction\",\"target\":{\"@type\":\"EntryPoint\",\"urlTemplate\":\"https:\/\/bnbpourdeux.com\/?s={search_term_string}\"},\"query-input\":{\"@type\":\"PropertyValueSpecification\",\"valueRequired\":true,\"valueName\":\"search_term_string\"}}],\"inLanguage\":\"fr-FR\"}]}<\/script>\n<!-- \/ Yoast SEO plugin. -->","yoast_head_json":{"title":"Pr\u00e9sentation - bnb pour deux","robots":{"index":"index","follow":"follow","max-snippet":"max-snippet:-1","max-image-preview":"max-image-preview:large","max-video-preview":"max-video-preview:-1"},"canonical":"https:\/\/bnbpourdeux.com\/index.php\/presentation\/","og_locale":"fr_FR","og_type":"article","og_title":"Pr\u00e9sentation - bnb pour deux","og_description":"Bienvenue sur BnbpourdeuxVoyager l\u00e9ger, l'esprit libre L'une des missions de bnbpourdeux est de vous prouver que l'on peut voyager avec \u00e9l\u00e9gance sans s'encombrer. Un d\u00e9part r\u00e9ussi commence par une valise optimis\u00e9e. Nous vous aidons \u00e0 s\u00e9lectionner les essentiels : des tenues polyvalentes qui passent de la plage au d\u00eener chic, les accessoires indispensables pour parer [&hellip;]","og_url":"https:\/\/bnbpourdeux.com\/index.php\/presentation\/","og_site_name":"bnb pour deux","article_modified_time":"2026-03-23T14:36:12+00:00","twitter_card":"summary_large_image","schema":{"@context":"https:\/\/schema.org","@graph":[{"@type":"WebPage","@id":"https:\/\/bnbpourdeux.com\/index.php\/presentation\/","url":"https:\/\/bnbpourdeux.com\/index.php\/presentation\/","name":"Pr\u00e9sentation - bnb pour deux","isPartOf":{"@id":"https:\/\/bnbpourdeux.com\/#website"},"datePublished":"2026-03-02T14:52:46+00:00","dateModified":"2026-03-23T14:36:12+00:00","breadcrumb":{"@id":"https:\/\/bnbpourdeux.com\/index.php\/presentation\/#breadcrumb"},"inLanguage":"fr-FR","potentialAction":[{"@type":"ReadAction","target":["https:\/\/bnbpourdeux.com\/index.php\/presentation\/"]}]},{"@type":"BreadcrumbList","@id":"https:\/\/bnbpourdeux.com\/index.php\/presentation\/#breadcrumb","itemListElement":[{"@type":"ListItem","position":1,"name":"Accueil","item":"https:\/\/bnbpourdeux.com\/"},{"@type":"ListItem","position":2,"name":"Pr\u00e9sentation"}]},{"@type":"WebSite","@id":"https:\/\/bnbpourdeux.com\/#website","url":"https:\/\/bnbpourdeux.com\/","name":"bnb pour deux","description":"","potentialAction":[{"@type":"SearchAction","target":{"@type":"EntryPoint","urlTemplate":"https:\/\/bnbpourdeux.com\/?s={search_term_string}"},"query-input":{"@type":"PropertyValueSpecification","valueRequired":true,"valueName":"search_term_string"}}],"inLanguage":"fr-FR"}]}},"_links":{"self":[{"href":"https:\/\/bnbpourdeux.com\/index.php\/wp-json\/wp\/v2\/pages\/137","targetHints":{"allow":["GET"]}}],"collection":[{"href":"https:\/\/bnbpourdeux.com\/index.php\/wp-json\/wp\/v2\/pages"}],"about":[{"href":"https:\/\/bnbpourdeux.com\/index.php\/wp-json\/wp\/v2\/types\/page"}],"author":[{"embeddable":true,"href":"https:\/\/bnbpourdeux.com\/index.php\/wp-json\/wp\/v2\/users\/1"}],"replies":[{"embeddable":true,"href":"https:\/\/bnbpourdeux.com\/index.php\/wp-json\/wp\/v2\/comments?post=137"}],"version-history":[{"count":7,"href":"https:\/\/bnbpourdeux.com\/index.php\/wp-json\/wp\/v2\/pages\/137\/revisions"}],"predecessor-version":[{"id":258,"href":"https:\/\/bnbpourdeux.com\/index.php\/wp-json\/wp\/v2\/pages\/137\/revisions\/258"}],"wp:attachment":[{"href":"https:\/\/bnbpourdeux.com\/index.php\/wp-json\/wp\/v2\/media?parent=137"}],"curies":[{"name":"wp","href":"https:\/\/api.w.org\/{rel}","templated":true}]}}